[INFO] cloning repository https://github.com/Westonside/rust-testing
[INFO] running `Command { std: "git" "-c" "credential.helper=" "-c" "credential.helper=/workspace/cargo-home/bin/git-credential-null" "clone" "--bare" "https://github.com/Westonside/rust-testing" "/workspace/cache/git-repos/https%3A%2F%2Fgithub.com%2FWestonside%2Frust-testing", kill_on_drop: false }`
[INFO] [stderr] Cloning into bare repository '/workspace/cache/git-repos/https%3A%2F%2Fgithub.com%2FWestonside%2Frust-testing'...
[INFO] running `Command { std: "git" "rev-parse" "HEAD", kill_on_drop: false }`
[INFO] [stdout] 6f268c4e847ce486bd93371d1d51d8751c25e758
[INFO] checking Westonside/rust-testing against master#9610dfe5a9a731ced1ea4923ecbd0c57fe367898 for beta-170-4
[INFO] running `Command { std: "git" "clone" "/workspace/cache/git-repos/https%3A%2F%2Fgithub.com%2FWestonside%2Frust-testing" "/workspace/builds/worker-3-tc1/source", kill_on_drop: false }`
[INFO] [stderr] Cloning into '/workspace/builds/worker-3-tc1/source'...
[INFO] [stderr] done.
[INFO] validating manifest of git repo https://github.com/Westonside/rust-testing on toolchain 9610dfe5a9a731ced1ea4923ecbd0c57fe367898
[INFO] running `Command { std: CARGO_HOME="/workspace/cargo-home" RUSTUP_HOME="/workspace/rustup-home" "/workspace/cargo-home/bin/cargo" "+9610dfe5a9a731ced1ea4923ecbd0c57fe367898" "metadata" "--manifest-path" "Cargo.toml" "--no-deps", kill_on_drop: false }`
[INFO] started tweaking git repo https://github.com/Westonside/rust-testing
[INFO] finished tweaking git repo https://github.com/Westonside/rust-testing
[INFO] tweaked toml for git repo https://github.com/Westonside/rust-testing written to /workspace/builds/worker-3-tc1/source/Cargo.toml
[INFO] crate git repo https://github.com/Westonside/rust-testing already has a lockfile, it will not be regenerated
[INFO] running `Command { std: CARGO_HOME="/workspace/cargo-home" RUSTUP_HOME="/workspace/rustup-home" "/workspace/cargo-home/bin/cargo" "+9610dfe5a9a731ced1ea4923ecbd0c57fe367898" "fetch" "--manifest-path" "Cargo.toml", kill_on_drop: false }`
[INFO] running `Command { std: "docker" "create" "-v" "/var/lib/crater-agent-workspace/builds/worker-3-tc1/target:/opt/rustwide/target:rw,Z" "-v" "/var/lib/crater-agent-workspace/builds/worker-3-tc1/source:/opt/rustwide/workdir:ro,Z" "-v" "/var/lib/crater-agent-workspace/cargo-home:/opt/rustwide/cargo-home:ro,Z" "-v" "/var/lib/crater-agent-workspace/rustup-home:/opt/rustwide/rustup-home:ro,Z" "-e" "SOURCE_DIR=/opt/rustwide/workdir" "-e" "CARGO_TARGET_DIR=/opt/rustwide/target" "-e" "CARGO_HOME=/opt/rustwide/cargo-home" "-e" "RUSTUP_HOME=/opt/rustwide/rustup-home" "-w" "/opt/rustwide/workdir" "-m" "1610612736" "--user" "0:0" "--network" "none" "ghcr.io/rust-lang/crates-build-env/linux@sha256:19e73879b68f455e41552ea35293514db52ea292d993f571636dbffedb77a1ee" "/opt/rustwide/cargo-home/bin/cargo" "+9610dfe5a9a731ced1ea4923ecbd0c57fe367898" "metadata" "--no-deps" "--format-version=1", kill_on_drop: false }`
[INFO] [stdout] 3917f0136c25144662337df0653651248b94d2fac3b22421b7fa53b651e42a48
[INFO] running `Command { std: "docker" "start" "-a" "3917f0136c25144662337df0653651248b94d2fac3b22421b7fa53b651e42a48", kill_on_drop: false }`
[INFO] running `Command { std: "docker" "inspect" "3917f0136c25144662337df0653651248b94d2fac3b22421b7fa53b651e42a48", kill_on_drop: false }`
[INFO] running `Command { std: "docker" "rm" "-f" "3917f0136c25144662337df0653651248b94d2fac3b22421b7fa53b651e42a48", kill_on_drop: false }`
[INFO] [stdout] 3917f0136c25144662337df0653651248b94d2fac3b22421b7fa53b651e42a48
[INFO] running `Command { std: "docker" "create" "-v" "/var/lib/crater-agent-workspace/builds/worker-3-tc1/target:/opt/rustwide/target:rw,Z" "-v" "/var/lib/crater-agent-workspace/builds/worker-3-tc1/source:/opt/rustwide/workdir:ro,Z" "-v" "/var/lib/crater-agent-workspace/cargo-home:/opt/rustwide/cargo-home:ro,Z" "-v" "/var/lib/crater-agent-workspace/rustup-home:/opt/rustwide/rustup-home:ro,Z" "-e" "SOURCE_DIR=/opt/rustwide/workdir" "-e" "CARGO_TARGET_DIR=/opt/rustwide/target" "-e" "CARGO_INCREMENTAL=0" "-e" "RUST_BACKTRACE=full" "-e" "RUSTFLAGS=--cap-lints=forbid" "-e" "RUSTDOCFLAGS=--cap-lints=forbid" "-e" "CARGO_HOME=/opt/rustwide/cargo-home" "-e" "RUSTUP_HOME=/opt/rustwide/rustup-home" "-w" "/opt/rustwide/workdir" "-m" "1610612736" "--user" "0:0" "--network" "none" "ghcr.io/rust-lang/crates-build-env/linux@sha256:19e73879b68f455e41552ea35293514db52ea292d993f571636dbffedb77a1ee" "/opt/rustwide/cargo-home/bin/cargo" "+9610dfe5a9a731ced1ea4923ecbd0c57fe367898" "check" "--frozen" "--all" "--all-targets" "--message-format=json", kill_on_drop: false }`
[INFO] [stdout] c2a7bc2788f89abfd4f31c7c4275264ffa9cbcde2dfe5d4a5d165f46b57916c9
[INFO] running `Command { std: "docker" "start" "-a" "c2a7bc2788f89abfd4f31c7c4275264ffa9cbcde2dfe5d4a5d165f46b57916c9", kill_on_drop: false }`
[INFO] [stderr]     Checking ex2 v0.1.0 (/opt/rustwide/workdir)
[INFO] [stdout] error: expected `;`, found `unimplemented`
[INFO] [stdout]   --> src/http/query_string.rs:51:27
[INFO] [stdout]    |
[INFO] [stdout] 51 |         QueryString {data}
[INFO] [stdout]    |                           ^ help: add `;` here
[INFO] [stdout] 52 |         unimplemented!();
[INFO] [stdout]    |         ------------- unexpected token
[INFO] [stdout] 
[INFO] [stdout] 
[INFO] [stdout] warning: unused imports: `Method`, `Request`
[INFO] [stdout]  --> src/main.rs:3:12
[INFO] [stdout]   |
[INFO] [stdout] 3 | use http::{Request,Method};
[INFO] [stdout]   |            ^^^^^^^ ^^^^^^
[INFO] [stdout]   |
[INFO] [stdout]   = note: `#[warn(unused_imports)]` on by default
[INFO] [stdout] 
[INFO] [stdout] 
[INFO] [stdout] warning: unused import: `QueryStringValue`
[INFO] [stdout]  --> src/http/request.rs:2:26
[INFO] [stdout]   |
[INFO] [stdout] 2 | use super::{QueryString, QueryStringValue};
[INFO] [stdout]   |                          ^^^^^^^^^^^^^^^^
[INFO] [stdout] 
[INFO] [stdout] 
[INFO] [stdout] warning: unused import: `std::convert::TryInto`
[INFO] [stdout]  --> src/server.rs:5:5
[INFO] [stdout]   |
[INFO] [stdout] 5 | use std::convert::TryInto;
[INFO] [stdout]   |     ^^^^^^^^^^^^^^^^^^^^^
[INFO] [stdout] 
[INFO] [stdout] 
[INFO] [stdout] warning: unused doc comment
[INFO] [stdout]   --> src/server.rs:34:13
[INFO] [stdout]    |
[INFO] [stdout] 34 | /             ///error or ok
[INFO] [stdout] 35 | |             ///this can have a recoverable error
[INFO] [stdout] 36 | |             /// returns value if ok else will terminate the program and log the error
[INFO] [stdout]    | |_____________________________________________________________________________________^
[INFO] [stdout] 37 |               let listener = TcpListener::bind(&self.address).unwrap();
[INFO] [stdout]    |               --------------------------------------------------------- rustdoc does not generate documentation for statements
[INFO] [stdout]    |
[INFO] [stdout]    = help: use `//` for a plain comment
[INFO] [stdout]    = note: `#[warn(unused_doc_comments)]` on by default
[INFO] [stdout] 
[INFO] [stdout] 
[INFO] [stdout] warning: unused label
[INFO] [stdout]   --> src/server.rs:39:13
[INFO] [stdout]    |
[INFO] [stdout] 39 |             'outer: loop{
[INFO] [stdout]    |             ^^^^^^
[INFO] [stdout]    |
[INFO] [stdout]    = note: `#[warn(unused_labels)]` on by default
[INFO] [stdout] 
[INFO] [stdout] 
[INFO] [stdout] error: expected `;`, found `unimplemented`
[INFO] [stdout]   --> src/http/query_string.rs:51:27
[INFO] [stdout]    |
[INFO] [stdout] 51 |         QueryString {data}
[INFO] [stdout]    |                           ^ help: add `;` here
[INFO] [stdout] 52 |         unimplemented!();
[INFO] [stdout]    |         ------------- unexpected token
[INFO] [stdout] 
[INFO] [stdout] 
[INFO] [stdout] warning: unused imports: `Method`, `Request`
[INFO] [stdout]  --> src/main.rs:3:12
[INFO] [stdout]   |
[INFO] [stdout] 3 | use http::{Request,Method};
[INFO] [stdout]   |            ^^^^^^^ ^^^^^^
[INFO] [stdout]   |
[INFO] [stdout]   = note: `#[warn(unused_imports)]` on by default
[INFO] [stdout] 
[INFO] [stdout] 
[INFO] [stdout] warning: unused import: `QueryStringValue`
[INFO] [stdout]  --> src/http/request.rs:2:26
[INFO] [stdout]   |
[INFO] [stdout] 2 | use super::{QueryString, QueryStringValue};
[INFO] [stdout]   |                          ^^^^^^^^^^^^^^^^
[INFO] [stdout] 
[INFO] [stdout] 
[INFO] [stdout] warning: unused import: `std::convert::TryInto`
[INFO] [stdout]  --> src/server.rs:5:5
[INFO] [stdout]   |
[INFO] [stdout] 5 | use std::convert::TryInto;
[INFO] [stdout]   |     ^^^^^^^^^^^^^^^^^^^^^
[INFO] [stdout] 
[INFO] [stdout] 
[INFO] [stdout] warning: unused doc comment
[INFO] [stdout]   --> src/server.rs:34:13
[INFO] [stdout]    |
[INFO] [stdout] 34 | /             ///error or ok
[INFO] [stdout] 35 | |             ///this can have a recoverable error
[INFO] [stdout] 36 | |             /// returns value if ok else will terminate the program and log the error
[INFO] [stdout]    | |_____________________________________________________________________________________^
[INFO] [stdout] 37 |               let listener = TcpListener::bind(&self.address).unwrap();
[INFO] [stdout]    |               --------------------------------------------------------- rustdoc does not generate documentation for statements
[INFO] [stdout]    |
[INFO] [stdout]    = help: use `//` for a plain comment
[INFO] [stdout]    = note: `#[warn(unused_doc_comments)]` on by default
[INFO] [stdout] 
[INFO] [stdout] 
[INFO] [stdout] warning: unused label
[INFO] [stdout]   --> src/server.rs:39:13
[INFO] [stdout]    |
[INFO] [stdout] 39 |             'outer: loop{
[INFO] [stdout]    |             ^^^^^^
[INFO] [stdout]    |
[INFO] [stdout]    = note: `#[warn(unused_labels)]` on by default
[INFO] [stdout] 
[INFO] [stdout] 
[INFO] [stdout] error[E0277]: `?` couldn't convert the error to `ParseError`
[INFO] [stdout]   --> src/http/request.rs:72:45
[INFO] [stdout]    |
[INFO] [stdout] 72 |         let method: Method  = method.parse()?;
[INFO] [stdout]    |                                             ^ the trait `From<String>` is not implemented for `ParseError`
[INFO] [stdout]    |
[INFO] [stdout]    = note: the question mark operation (`?`) implicitly performs a conversion on the error value using the `From` trait
[INFO] [stdout]    = help: the following other types implement trait `From<T>`:
[INFO] [stdout]              <ParseError as From<MethodError>>
[INFO] [stdout]              <ParseError as From<Utf8Error>>
[INFO] [stdout]    = note: required for `Result<Request<'_>, ParseError>` to implement `FromResidual<Result<Infallible, String>>`
[INFO] [stdout] 
[INFO] [stdout] 
[INFO] [stdout] error[E0277]: `?` couldn't convert the error to `ParseError`
[INFO] [stdout]   --> src/http/request.rs:72:45
[INFO] [stdout]    |
[INFO] [stdout] 72 |         let method: Method  = method.parse()?;
[INFO] [stdout]    |                                             ^ the trait `From<String>` is not implemented for `ParseError`
[INFO] [stdout]    |
[INFO] [stdout]    = note: the question mark operation (`?`) implicitly performs a conversion on the error value using the `From` trait
[INFO] [stdout]    = help: the following other types implement trait `From<T>`:
[INFO] [stdout]              <ParseError as From<MethodError>>
[INFO] [stdout]              <ParseError as From<Utf8Error>>
[INFO] [stdout]    = note: required for `Result<Request<'_>, ParseError>` to implement `FromResidual<Result<Infallible, String>>`
[INFO] [stdout] 
[INFO] [stdout] 
[INFO] [stdout] error[E0308]: mismatched types
[INFO] [stdout]   --> src/http/method.rs:25:9
[INFO] [stdout]    |
[INFO] [stdout] 25 | /         match s {
[INFO] [stdout] 26 | |             "GET" => Ok(Self::GET),
[INFO] [stdout] 27 | |             "DELETE" => Ok(Self::DELETE),
[INFO] [stdout] 28 | |             "POST" => Ok(Self::POST),
[INFO] [stdout] ...  |
[INFO] [stdout] 36 | |
[INFO] [stdout] 37 | |         }
[INFO] [stdout]    | |         ^- help: consider using a semicolon here
[INFO] [stdout]    | |_________|
[INFO] [stdout]    |           expected `()`, found `Result<Method, MethodError>`
[INFO] [stdout]    |
[INFO] [stdout]    = note: expected unit type `()`
[INFO] [stdout]                    found enum `Result<Method, MethodError>`
[INFO] [stdout] 
[INFO] [stdout] 
[INFO] [stdout] error[E0308]: mismatched types
[INFO] [stdout]   --> src/http/method.rs:25:9
[INFO] [stdout]    |
[INFO] [stdout] 25 | /         match s {
[INFO] [stdout] 26 | |             "GET" => Ok(Self::GET),
[INFO] [stdout] 27 | |             "DELETE" => Ok(Self::DELETE),
[INFO] [stdout] 28 | |             "POST" => Ok(Self::POST),
[INFO] [stdout] ...  |
[INFO] [stdout] 36 | |
[INFO] [stdout] 37 | |         }
[INFO] [stdout]    | |         ^- help: consider using a semicolon here
[INFO] [stdout]    | |_________|
[INFO] [stdout]    |           expected `()`, found `Result<Method, MethodError>`
[INFO] [stdout]    |
[INFO] [stdout]    = note: expected unit type `()`
[INFO] [stdout]                    found enum `Result<Method, MethodError>`
[INFO] [stdout] 
[INFO] [stdout] 
[INFO] [stdout] warning: unreachable statement
[INFO] [stdout]   --> src/server.rs:77:13
[INFO] [stdout]    |
[INFO] [stdout] 39 | /             'outer: loop{
[INFO] [stdout] 40 | |                 //match works on strings too like a switch statement
[INFO] [stdout] 41 | |                 //can  do a || b => {}
[INFO] [stdout] 42 | |                 match listener.accept(){
[INFO] [stdout] ...  |
[INFO] [stdout] 74 | |
[INFO] [stdout] 75 | |             }
[INFO] [stdout]    | |_____________- any code following this expression is unreachable
[INFO] [stdout] 76 |
[INFO] [stdout] 77 |               let tup = (1,2);
[INFO] [stdout]    |               ^^^^^^^^^^^^^^^^ unreachable statement
[INFO] [stdout]    |
[INFO] [stdout]    = note: `#[warn(unreachable_code)]` on by default
[INFO] [stdout] 
[INFO] [stdout] 
[INFO] [stdout] warning: unreachable statement
[INFO] [stdout]   --> src/server.rs:77:13
[INFO] [stdout]    |
[INFO] [stdout] 39 | /             'outer: loop{
[INFO] [stdout] 40 | |                 //match works on strings too like a switch statement
[INFO] [stdout] 41 | |                 //can  do a || b => {}
[INFO] [stdout] 42 | |                 match listener.accept(){
[INFO] [stdout] ...  |
[INFO] [stdout] 74 | |
[INFO] [stdout] 75 | |             }
[INFO] [stdout]    | |_____________- any code following this expression is unreachable
[INFO] [stdout] 76 |
[INFO] [stdout] 77 |               let tup = (1,2);
[INFO] [stdout]    |               ^^^^^^^^^^^^^^^^ unreachable statement
[INFO] [stdout]    |
[INFO] [stdout]    = note: `#[warn(unreachable_code)]` on by default
[INFO] [stdout] 
[INFO] [stdout] 
[INFO] [stdout] error: aborting due to 3 previous errors; 6 warnings emitted
[INFO] [stdout] 
[INFO] [stdout] 
[INFO] [stdout] Some errors have detailed explanations: E0277, E0308.
[INFO] [stdout] 
[INFO] [stdout] For more information about an error, try `rustc --explain E0277`.
[INFO] [stdout] 
[INFO] [stdout] error: aborting due to 3 previous errors; 6 warnings emitted
[INFO] [stdout] 
[INFO] [stdout] 
[INFO] [stdout] Some errors have detailed explanations: E0277, E0308.
[INFO] [stdout] 
[INFO] [stdout] For more information about an error, try `rustc --explain E0277`.
[INFO] [stdout] 
[INFO] [stderr] error: could not compile `ex2` (bin "ex2" test) due to 4 previous errors; 6 warnings emitted
[INFO] [stderr] warning: build failed, waiting for other jobs to finish...
[INFO] [stderr] error: could not compile `ex2` (bin "ex2") due to 4 previous errors; 6 warnings emitted
[INFO] running `Command { std: "docker" "inspect" "c2a7bc2788f89abfd4f31c7c4275264ffa9cbcde2dfe5d4a5d165f46b57916c9", kill_on_drop: false }`
[INFO] running `Command { std: "docker" "rm" "-f" "c2a7bc2788f89abfd4f31c7c4275264ffa9cbcde2dfe5d4a5d165f46b57916c9", kill_on_drop: false }`
[INFO] [stdout] c2a7bc2788f89abfd4f31c7c4275264ffa9cbcde2dfe5d4a5d165f46b57916c9
